he prime factors of 40975655.
5, 7, 577, 2029
List the prime factors of 4691170220.
2, 5, 11, 71, 300331
List the prime factors of 18426548.
2, 7, 41, 2293
What are the prime factors of 16072067?
11, 43, 3089
List the prime factors of 5103995317.
62137, 82141
List the prime factors of 830470166.
2, 47, 8834789
What are the prime factors of 198826820?
2, 5, 9941341
What are the prime factors of 5787524?
2, 1446881
What are the prime factors of 210616?
2, 7, 3761
List the prime factors of 776633831.
17, 1873, 24391
What are the prime factors of 2461883793?
3, 820627931
What are the prime factors of 646322059?
8423, 76733
What are the prime factors of 711893517?
3, 31, 7654769
What are the prime factors of 50073799?
311, 161009
What are the prime factors of 41021600?
2, 5, 47, 1091
What are the prime factors of 250137789?
3, 11, 29, 9013
What are the prime factors of 76187517?
3, 7, 47, 77191
List the prime factors of 229869760.
2, 5, 718343
What are the prime factors of 592119127?
31, 53, 199, 1811
List the prime factors of 137914800.
2, 3, 5, 281, 409
List the prime factors of 19615219.
13, 31, 48673
List the prime factors of 61094741.
977, 62533
What are the prime factors of 2651750379?
3, 10912553
What are the prime factors of 81787847?
81787847
List the prime factors of 63133786.
2, 271, 116483
List the prime factors of 1172052453.
3, 11, 13, 79, 34583
What are the prime factors of 5219977909?
5219977909
List the prime factors of 3625994352.
2, 3, 19, 29, 47, 2917
What are the prime factors of 3709445486?
2, 67, 541, 51169
List the prime factors of 821088206.
2, 19259, 21317
List the prime factors of 109041454.
2, 439, 124193
What are the prime factors of 2302668584?
2, 523, 550351
What are the prime factors of 5139694?
2, 7, 367121
List the prime factors of 859751815.
5, 13, 103, 281, 457
What are the prime factors of 2122076199?
3, 19, 419, 88853
List the prime factors of 2505312729.
3, 17, 16374593
List the prime factors of 1542862347.
3, 13, 3043121
List the prime factors of 30079942.
2, 73, 206027
List the prime factors of 1401165635.
5, 23, 3319, 3671
List the prime factors of 70848193.
13, 5449861
List the prime factors of 21647060.
2, 5, 43, 25171
What are the prime factors of 302688039?
3, 61, 1654033
List the prime factors of 858002635.
5, 7, 24514361
List the prime factors of 424813031.
67, 1093, 5801
List the prime factors of 244987963.
11, 22271633
What are the prime factors of 240705270?
2, 3, 5, 13, 22859
List the prime factors of 1200943448.
2, 150117931
What are the prime factors of 380589169?
1511, 251879
List the prime factors of 2649337360.
2, 5, 47, 61, 11551
What are the prime factors of 1244894495?
5, 13, 19152223
List the prime factors of 35114988.
2, 3, 1229, 2381
List the prime factors of 1820652976.
2, 8167, 13933
List the prime factors of 233885059.
1549, 150991
What are the prime factors of 173599214?
2, 6959, 12473
List the prime factors of 2782122.
2, 3, 7, 9463
What are the prime factors of 128272482?
2, 3, 13, 31, 17683
List the prime factors of 674997130.
2, 5, 467, 144539
What are the prime factors of 83369936?
2, 13, 163, 2459
What are the prime factors of 669239176?
2, 131, 638587
List the prime factors of 940824012.
2, 3, 37, 2118973
List the prime factors of 18898537.
7, 311, 8681
What are the prime factors of 2920902792?
2, 3, 2003, 60761
What are the prime factors of 2925776700?
2, 3, 5, 7, 11, 4691
List the prime factors of 2449674542.
2, 7, 24996679
List the prime factors of 242039170.
2, 5, 523, 46279
List the prime factors of 2127352538.
2, 1063676269
List the prime factors of 308835317.
7, 151, 292181
What are the prime factors of 130113206?
2, 17, 3826859
List the prime factors of 82776628.
2, 11, 71, 26497
What are the prime factors of 21406937?
1409, 15193
What are the prime factors of 2004609251?
269, 7452079
List the prime factors of 1820486868.
2, 3, 3593, 42223
What are the prime factors of 14794985?
5, 101, 29297
What are the prime factors of 17514788?
2, 4378697
List the prime factors of 1612746336.
2, 3, 16799441
What are the prime factors of 395863823?
823, 481001
What are the prime factors of 246704944?
2, 31, 497389
What are the prime factors of 1869687?
3, 207743
What are the prime factors of 1883943625?
5, 31, 486179
List the prime factors of 260094295.
5, 52018859
List the prime factors of 14885920.
2, 5, 7, 13291
What are the prime factors of 6017304862?
2, 53, 59, 61, 15773
What are the prime factors of 34390932?
2, 3, 17, 263, 641
List the prime factors of 912978917.
67, 293, 46507
What are the prime factors of 469135927?
13, 17, 31, 68477
What are the prime factors of 891255303?
3, 97, 151, 6761
List the prime factors of 3874176435.
3, 5, 258278429
What are the prime factors of 514613268?
2, 3, 13, 31, 79, 449
What are the prime factors of 1271124742?
2, 251, 953, 2657
List the prime factors of 91408714.
2, 45704357
List the prime factors of 2163680679.
3, 23, 727, 43133
List the prime factors of 9140074372.
2, 11, 13, 179, 89269
List the prime factors of 177745547.
7, 25392221
List the prime factors of 463007239.
463007239
What are the prime factors of 1296883741?
19, 29, 43, 127, 431
What are the prime factors of 234038900?
2, 5, 677, 3457
What are the prime factors of 47179817?
47179817
What are the prime factors of 159542729?
2297, 69457
What are the prime factors of 1178582269?
41, 233, 123373
List the prime factors of 42355833.
3, 13, 1086047
What are the prime factors of 26962633?
83, 563, 577
What are the prime factors of 3611821837?
13, 197, 401, 3517
List the prime factors of 4567320.
2, 3, 5, 4229
What are the prime factors of 45136941?
3, 41, 366967
List the prime factors of 6908434212.
2, 3, 575702851
What are the prime factors of 68658779?
7, 1249, 7853
List the prime factors of 280314131.
67, 827, 5059
List the prime factors of 24120522.
2, 3, 37, 36217
List the prime factors of 3541005058.
2, 1770502529
What are the prime factors of 504014907?
3, 11, 643, 23753
List the prime factors of 3360041860.
2, 5, 7, 24000299
List the prime factors of 783623215.
5, 4049, 38707
What are the prime factors of 109667449?
19, 587, 9833
What are the prime factors of 425077972?
2, 11, 9660863
List the prime factors of 210805.
5, 7, 19, 317
List the prime factors of 514217901.
3, 171405967
What are the prime factors of 4983112?
2, 622889
List the prime factors of 174927188.
2, 29, 1507993
List the prime factors of 42416021.
547, 77543
List the prime factors of 271499590.
2, 5, 23, 619, 1907
What are the prime factors of 29464837?
29464837
List the prime factors of 361433362.
2, 17, 23, 462191
What are the prime factors of 27739087?
17, 53, 1811
What are the prime factors of 2367090310?
2, 5, 13, 23, 41, 19309
What are the prime factors of 69847558?
2, 11, 3174889
List the prime factors of 7534103.
7534103
What are the prime factors of 1693768349?
7, 13, 2658977
List the prime factors of 52549576.
2, 6568697
What are the prime factors of 30104571?
3, 7, 204793
What are the prime factors of 56858652?
2, 3, 83, 6343
What are the prime factors of 31458904?
2, 307, 12809
What are the prime factors of 524877?
3, 174959
List the prime factors of 11758526.
2, 13, 17, 37, 719
List the prime factors of 1037685026.
2, 7, 8191, 9049
What are the prime factors of 334589047?
13, 25737619
What are the prime factors of 459473626?
2, 229736813
List the prime factors of 2010569622.
2, 3, 71, 4719647
List the prime factors of 1221321528.
2, 3, 7, 23, 105359
List the prime factors of 10634733.
3, 131293
List the prime factors of 13558860.
2, 3, 5, 7, 17, 211
List the prime factors of 811059353.
13, 62389181
What are the prime factors of 90043237?
17, 37, 53, 73
What are the prime factors of 2086718689?
11, 17245609
List the prime factors of 1052290430.
2, 5, 107, 983449
What are the prime factors of 5732213887?
53, 108154979
List the prime factors of 1649165261.
1649165261
What are the prime factors of 3935875?
5, 23, 37
List the prime factors of 3631575131.
181, 20063951
List the prime factors of 714231727.
11, 17, 3819421
What are the prime factors of 1542316364?
2, 17, 22681123
What are the prime factors of 2359050640?
2, 5, 19, 1552007
List the prime factors of 45004659.
3, 7, 1021, 2099
W